= -j + 7. Let f be x(c). Let p(o) = -2*o - o + o + f*o. Give p(-5).
-5
Suppose 3*v - 15 = c, 5*v - 1 - 16 = -c. Let i(m) = m + 2. Let h be i(0). Let r(u) = 7 - h*u - 1 + 0 + 0*u. Give r(v).
-2
Let x(y) = y - 1. Let w(z) = z - 10. Let c(h) = w(h) - 5*x(h). Let r(o) = 23*o + 29. Let d(v) = 34*c(v) + 6*r(v). Give d(-3).
-2
Let d(o) be the second derivative of o**5/20 + o**4/3 - 3*o**2/2 + 24*o. Calculate d(-4).
-3
Suppose -5*n = 3 + 17, -c + 20 = -5*n. Let b = c - -5. Let l(d) = -d**2 + 8*d - 7. What is l(b)?
8
Let n be (-22)/(-5) + 15/25. Suppose -2*g = 4 - 16. Let o(l) = -g*l + l + l**2 - n + l. What is o(5)?
0
Let p be 2/(0 - -1) + -1. Let g(x) = 8*x**2 - 1. Determine g(p).
7
Let x = -8 - -12. Let t be 10/(-4) + 6/x. Let j(h) = h**2 + h**2 - h**2 + 8*h**3. Determine j(t).
-7
Suppose 0 = -2*c + y + 11, -3*c + 5*c - 3*y - 17 = 0. Suppose l = 3*p + 8, -c*p + 0*l + 11 = 3*l. Let s be 1 - (p - -3 - 1). Let h(g) = g + 7. What is h(s)?
7
Let p = -8 - -12. Suppose j = m - p, -3*m + 4*j + 12 = -0. Let q(i) = i**2 - 7*i + 5. Calculate q(m).
-7
Let q = -4 - -9. Let f(m) = -m**2 - 1. Let c(k) = -k**3 + 3*k**2 + 6*k - 8. Let h(w) = -c(w) + f(w). Give h(q).
2
Let m(k) = -k**2 + 6*k - k + 3 - 1. Let d be m(5). Suppose d*c + c = 9. Let u(p) = p**3 - 3*p**2. Give u(c).
0
Let b(n) = -6*n + 0*n + n**2 - 2*n**2 + 4. Suppose 7 = c - 6. Suppose -43 = 5*l - c. Determine b(l).
4
Let g(h) = -11*h**3 + 14*h**2 - 12*h + 7. Let k(w) be the first derivative of 5*w**4/4 - 7*w**3/3 + 3*w**2 - 4*w - 5. Let l(u) = -4*g(u) - 9*k(u). Give l(6).
8
Let p(h) be the first derivative of h**4/12 + h**3/3 - h**2/2 - 3*h - 2. Let b(g) be the first derivative of p(g). Let r = 3 + -2. Determine b(r).
2
Suppose -28 = -9*k + 4*k - 4*z, -2*k = -2*z - 4. Let p(y) = 5*y**2 + y - 15. Let m(u) = -3*u**2 + 8. Let t(j) = -7*m(j) - 4*p(j). What is t(k)?
4
Let c(y) be the first derivative of y**2 + 3*y + 2. Suppose g = 2*g + 5. Give c(g).
-7
Let j(c) be the second derivative of -1/2*c**3 + 1/12*c**4 + 1/20*c**5 - 3/2*c**2 + 0 - c. Let d be 2 - -4*(1 + -2). Calculate j(d).
-1
Let a(o) = 1 + 4*o - 6*o + 151*o**3 + 8*o**2 - 12*o**2 - 152*o**3. What is a(-4)?
9
Let d(f) be the first derivative of -f**2/2 - 2. Suppose 2*r - 16 = -0*r. Let m = -4 + r. What is d(m)?
-4
Let u be (4 - 2)*((-44)/12)/(-11). Let i(q) be the third derivative of 4*q**2 - 1/120*q**6 - 1/20*q**5 + 1/6*q**4 - u*q**3 + 0*q + 0. What is i(-4)?
-4
Let j(r) = -6*r**3 - 2*r**2 - r. Let t be (-1)/2*(2 - 0). What is j(t)?
5
Let r(x) = -x**2 - 4*x + 1. Let t = -30 + 26. What is r(t)?
1
Let w(i) be the second derivative of i**4/6 + i**3/3 + 3*i**2/2 - 7*i. Let o = 2 - 4. What is w(o)?
7
Let n(f) = 2*f**3 - 3*f**2 + 4*f + 3. Let v(z) = 3*z**3 - 4*z**2 + 5*z + 4. Let a(o) = -4*n(o) + 3*v(o). Determine a(2).
6
Let m(a) = -a**3 + 4*a**2 + 3. Suppose 5*s - 40 = -3*t - t, -5*s + 2*t + 10 = 0. What is m(s)?
3
Let s(m) = -14*m - 12. Let g(r) = -14*r - 13. Let h(d) = 3*g(d) - 2*s(d). Let l(x) = -5*x - 5. Let z(a) = -3*h(a) + 8*l(a). What is z(-5)?
-5
Let x(h) = -h**2 + 4*h**2 + h + h**2 - 1 - 3*h**2. Let y(q) = 4*q**2 + 7*q - 6. Let r(v) = 3*x(v) - y(v). What is r(-6)?
-9
Let u(f) = -f + 4. Suppose r - a = 3*a - 4, 4*r + 2*a = 2. Suppose 10 = 5*c - r*c. Give u(c).
2
Let c(r) = -r**2 + 3*r - 1. Suppose 6*w - 2*w - 8 = 0. Give c(w).
1
Let x(b) = -b - 1. Suppose -2*y = -7*y. Suppose g + y = 3. Give x(g).
-4
Let q(p) = p**2 - 3*p. Let c = -9 + 11. Determine q(c).
-2
Suppose -5*o = -4*t - 37 - 8, 0 = 3*t + 15. Let g(n) be the second derivative of 1/3*n**4 + 6*n - 5/2*n**2 + 5/6*n**3 + 0 - 1/20*n**5. What is g(o)?
-5
Let s(g) = g**2 + 2*g + 3. Let b(z) = 2*z**2 + 4*z + 7. Let y(d) = -6*b(d) + 13*s(d). Determine y(-3).
0
Suppose -h - 2 + 4 = 0. Let g(v) be the third derivative of 4*v**2 + 0 + 0*v - 1/60*v**5 + 0*v**4 - 1/3*v**3 + 1/120*v**6. Give g(h).
2
Let t(c) = -c**2 + 3*c + 3. Suppose 0 = 4*v + 1 - 5. Suppose -4*u + 33 = 5*z, v = 3*u - 5. Determine t(z).
-7
Suppose 2*o - 6*m = -4*m + 8, -3*m = -2*o + 11. Let t(r) = -3*r + 0*r - 13*r**2 + 14*r**2 + 2*r. Calculate t(o).
0
Let s(z) = -4*z - 3. Let w(o) = 7*o + 5. Let x(v) = 5*s(v) + 3*w(v). What is x(6)?
6
Let c(y) be the second derivative of -y**5/20 + 5*y**4/12 + 2*y**3/3 + 5*y**2/2 + 12*y. Give c(6).
-7
Let s(t) = t - 5. Suppose 11 + 4 = -3*j. Let m(h) = h**2 + 5*h. Let k be m(j). Give s(k).
-5
Let k(a) = -11 + a - 13 + 21 - 7. Let q be (-2)/(-3) - 15/9. Let x = 7 + q. Calculate k(x).
-4
Let g be (-6)/(-5) + (-5)/25. Let r be (-1)/5 + g/5. Suppose 3*z - d - 10 = r, 3*z = -2*z + 4*d + 19. Let n(t) = -t**3 + 4*t**2 - 2*t + 2. Give n(z).
5
Let h(d) = -3*d + 1. Let t be h(1). Let z(a) = 2*a**2 + 2*a - 2. Let n(p) = p**2 + 2*p - 1. Let o(m) = -3*n(m) + 2*z(m). Determine o(t).
7
Let w(o) be the second derivative of o**5/20 + 5*o**4/12 - o**3 + 3*o**2/2 + 12*o. Calculate w(-6).
3
Suppose -a - 4 = -0, -n - 14 = 4*a. Let z(u) be the first derivative of 1/2*u**n + 2*u**3 + u + 3. Give z(-1).
6
Let b(u) = -1 + 2*u + u - 13*u. Let n be (-2)/(2 + 4*-1). Suppose l + n = -l + 3*g, 0 = 4*l - 2*g - 2. What is b(l)?
-11
Let h(y) = -2*y + 3. Let o be h(3). Let c = 1 - o. Let b(j) = -2*j**2 + 5*j + 4. Determine b(c).
-8
Let y(x) be the third derivative of x**6/120 - x**5/10 + x**4/6 - x**3/3 - 6*x**2. Give y(5).
-7
Let m(g) be the first derivative of -g**2/2 + 8. Determine m(-4).
4
Let a(p) = -2*p - 8. Let m(d) = -d - 1. Let s(y) = -a(y) + 3*m(y). Give s(7).
-2
Let w(z) = -z**3 - 6*z**2 - 5*z + 3. Let d be (4/(-6))/((-8)/(-60)). Let m be w(d). Let v(f) = f - 3. Calculate v(m).
0
Let g(k) = 4*k**2 + 1. Let m = 27 - 26. What is g(m)?
5
Let t(f) = -f - 2 - 8 + 4. Let l be t(-8). Let c(d) = -l + 1 + 3 + 2*d. Determine c(-3).
-4
Let t(i) be the second derivative of i**5/60 + i**4/6 + i**3/2 - 3*i**2/2 + i. Let j(d) be the first derivative of t(d). Determine j(-4).
3
Let v(f) = f**3 - 5*f**2 + 2*f + 3. Let r be (13/39)/(2/18). Give v(r).
-9
Suppose 80*n = 79*n - 2. Let z(c) = -c**3 - c**2 - 1. Calculate z(n).
3
Let l(i) = 2*i - 6*i - 1 - i + 2*i. Give l(-5).
14
Let c(n) = n**3 - 4*n**2 - 4*n - 5. Let i be c(5). Let w(m) = -m**3 - m**2 + m - 1. Let f be w(i). Let o(s) = -1 + 3*s + 6*s - 2*s. What is o(f)?
-8
Let a = -45 + 44. Let u(t) = -13*t**2 + t + 6. Let v(k) = k**2 - 1. Suppose 0 = 2*m - 2. Let p(i) = m*u(i) + 6*v(i). Calculate p(a).
-8
Let b(o) = o**3 - 6*o**2 + 2*o. Let s be b(6). Suppose c = -3*c + s. Let z(i) = i + c - 4 + 2. Calculate z(-3).
-2
Let f(x) = x**2 - 4*x - 5. Let z = 10 + -6. What is f(z)?
-5
Let m be -3*(24/(-21))/((-30)/35). Let l(t) = -t**3 - 5 - 2*t + 0*t - 6*t**2 - 5*t. What is l(m)?
-9
Let a be (-3 + 15)*2/3. Let c(r) = 252 - 240 + 0*r - 2*r. Give c(a).
-4
Let o(k) be the first derivative of -1/3*k**3 + 3 + 5*k - 3/2*k**2. Give o(-5).
-5
Suppose 16 = 3*h - 4*l, -2*h + 5*l = -11 - 2. Let y(x) be the third derivative of x**6/120 - x**5/15 - x**4/24 - 5*x**3/6 - x**2. Give y(h).
-9
Let x(v) = -v**3 + 4*v**2 + 4*v. Suppose 4*c = 3*l + 11, 0 = l - 2*l + 3. Give x(c).
-5
Let z = -1 - -4. Suppose 0 = 3*m + k + 2*k - 12, -z*m + 4 = -5*k. Let f(w) = -w**3 + 4*w**2 - 3*w + 3. Determine f(m).
3
Let c(v) = -v**3 - 6*v**2 - 6*v - 6. Suppose -2*k - 60 = 5*b, 0 = -2*b + 6*b - 5*k + 15. Let o = b + 5. Calculate c(o).
-1
Let m(u) be the second derivative of u**6/720 - u**5/120 - u**4/6 - 3*u. Let t(a) be the third derivative of m(a). Give t(4).
3
Let c(y) = -y**3 + 4*y**2 + 7*y - 5. Let z be ((-4)/(-6))/(-3 + 141/45). Give c(z).
5
Suppose -3*f + 0 + 3 = 0. Let a(j) = -2*j + 0 - j**2 + 0 - 1 - f. Calculate a(-3).
-5
Let h(d) = d**3 + 5*d**2 + 5*d + 5. Let b be (-4)/6 - (-4)/6. Let f be b + -2 - (0 + 2). What is h(f)?
1
Let o(a) = 2*a**2 - 2*a - 3. Let p(h) = -h + 6. Let b be (-1 + 3)*15/6. Let u be b + 3 + (-2 - -2). Let f be p(u). Determine o(f).
9
Let r = -6 + 6. Let n(o) = o. Let b be n(r). Let v(z) = z**3 - z**2 - z. Let s(x) = 5*x**3 - 3*x**2 - 3*x - 7. Let l(a) = s(a) - 4*v(a). Give l(b).
-7
Let t(w) = -4*w**2 + w + 7. Let f(b) = b**2 - b - 1. Let s(r) = -5*f(r) - t(r). Determine s(3).
1
Let o(q) = -q**3 - 4*q**2 - 5*q - 3. Let y be o(-3). Let d(c) = c**3 + 7*c**2 - 2*c - 10. Let j be d(-7). Let l(f) = 0 - 2*f + 3 - j. Determine l(y).
-7
Let z = -15 - -9. Let h(i) be the second derivative of i**5/20 + 5*i**